s the remainder when d(11) is divided by 4?
3
Let c = 26 + 45. Calculate the remainder when c is divided by 15.
11
Suppose -2*r + 6*r = 20. Suppose r*f - x - 18 = 37, -4*f = 2*x - 44. Calculate the remainder when (7 - 8)/((-3)/93) is divided by f.
9
Let a(b) = 9*b + 7. What is the remainder when a(2) is divided by 9?
7
Suppose 3*b = 2*v - 9, 3*v - b + 1 = 11. What is the remainder when 6 is divided by v?
0
Suppose -3*p - 9 = 2*w, -w + 5*p - 27 = 2*p. Let i(f) = 2*f**3 + 4*f**2 + 4*f + 2. Let m be i(-2). What is the remainder when 4 is divided by (3/m)/(2/w)?
1
Let t(r) = 2*r - 1. Let p be t(1). Let j be ((-1)/(-2))/(p/(-4)). What is the remainder when 32 is divided by (22/4)/((-1)/j)?
10
Suppose f = -0*l - 2*l - 1, 3*l + 3*f = 0. Let c be (-10)/4 + l/(-2). Calculate the remainder when 8 is divided by ((-15)/10)/(1/c).
2
Suppose 60 = 2*c + 2*c. Suppose -c = 3*l, -3*n = -2*l - 2*l - 56. What is the remainder when 34 is divided by n?
10
Let c(s) = -2*s**3 - 5*s**2 + 4*s + 5. Suppose 2*f - 3*f = 4. Suppose 2*o - 3*o = -13. Calculate the remainder when c(f) is divided by o.
11
Suppose -2 = -w + 4*b, 5*w + 2*b - 56 = -b. Calculate the remainder when 25 is divided by w.
5
Let s(q) = -q + 1. Let z = 2 + -6. What is the remainder when 8 is divided by s(z)?
3
Let g = -29 + 38. What is the remainder when 26 is divided by g?
8
Suppose 0 = -d + 4*d - r - 41, 2*d = -3*r + 9. What is the remainder when d is divided by 5?
2
Let h(k) = -3*k - 5*k + k - 11 + 0*k**2 + 2*k**2. Calculate the remainder when h(8) is divided by 16.
13
Let b(k) = -k**3 + 17*k**2 - 15*k - 19. Let h be b(16). Let d(r) = r**2 + 3*r + 2. What is the remainder when d(h) is divided by 1?
0
Calculate the remainder when 1*-1*24/(-4) is divided by 10/(-2*(2 + -3)).
1
Suppose -4*p - 170 = -5*a, -2*a + 2*p + 53 = -15. Suppose 48 + 24 = 4*s. Calculate the remainder when a is divided by s.
16
Suppose -3*m + 243 = 153. What is the remainder when 88 is divided by m?
28
Suppose -5*c + 218 = 2*y, -c - y - 20 = -63. Let b = 79 - c. Calculate the remainder when b is divided by 12.
11
Calculate the remainder when -99*(0 - 4/12) is divided by 9.
6
Suppose -5 = -k + 33. Calculate the remainder when 113 is divided by k.
37
Let v = 17 + -9. Suppose -m = -3*m - 2, -3*m = 5*q - 107. What is the remainder when q is divided by v?
6
Let l(r) = -r**2 + 6*r - 2. Let v be l(5). Suppose -55 = -2*c + v. What is the remainder when c is divided by (-4 - -1)*16/(-6)?
5
Let t = -1 + -2. Let d be 0/(0/t - -2). Suppose -5*j + 70 = -d*j. What is the remainder when 41 is divided by j?
13
Let p = 4 - -1. Suppose -p*w + 24 + 56 = 0. What is the remainder when 45 is divided by w?
13
Let a = 9 - 5. Let s(z) = -z**3 + 5*z**2 + 4*z - 5. What is the remainder when 54 - 2/(2/1) is divided by s(a)?
26
What is the remainder when 62 is divided by -1*(1 + (-9)/(9/14))?
10
Suppose 0 = -5*x + 2*x - 66. Let a = x + 39. Suppose r = 5*r - 36. What is the remainder when a is divided by r?
8
Let v(f) = 7*f**2. What is the remainder when ((-180)/(-8))/3*8/3 is divided by v(-1)?
6
Let b(z) = -z**3 - 2*z**2 + z + 5. Suppose 0 + 2 = -2*r + 2*i, 3*r + 15 = -i. What is the remainder when b(r) is divided by 17?
16
Let p(r) = -r**3 + 7*r**2 - 6*r. Let y be p(5). Suppose -5*a + 2*a = -3*z - 129, -4*z - y = 0. What is the remainder when a is divided by 10?
8
Let t be (-1 - 0 - -87)/1. Suppose -4*w + t + 86 = 0. Suppose -9 = 2*g - w. Calculate the remainder when g is divided by 6.
5
Suppose 131 = 3*f - 5*m, 4*f + 5*m = -f + 205. Let k = f - 26. What is the remainder when 31 is divided by k?
15
Let r be (-10)/8 - 1/(-4). What is the remainder when (1 - 1) + 36 + r is divided by 12?
11
Let r = -2 + 5. Suppose r = -3*l + 4*l. Calculate the remainder when 5 is divided by l.
2
Suppose 0 = -0*l + 3*l + 6. Let r = l + 17. Suppose -3 = z + 4*b - 19, -5*z = 3*b - 46. Calculate the remainder when r is divided by z.
7
Suppose -5*u + 119 = 14. Let l(g) = g**3 + 6*g**2 - 3*g - 6. Suppose 8 = 2*h + 20. Calculate the remainder when u is divided by l(h).
9
Let n(w) = 68*w**2 - 2*w + 2. What is the remainder when n(1) is divided by 35?
33
Suppose -74 = -12*a + 10*a. Calculate the remainder when a is divided by 19.
18
Let a = -322 - -479. Suppose 3*i = i + 5*k + a, 0 = 5*k - 5. What is the remainder when i is divided by 14?
11
Let d = -1 + 3. Let f(z) = -2*z - 6. What is the remainder when f(-4) is divided by d?
0
Suppose -4*b + 2*b = -112. Suppose 3*h = 1 + b. What is the remainder when h is divided by 10?
9
Let r = 92 - 65. Calculate the remainder when 78 is divided by r.
24
Suppose 0*k + 28 = 2*k. Suppose 3*o = 2*m + 27, 2*m - 5*o = 3*m - 19. What is the remainder when k is divided by 6/(-4)*20/m?
4
Suppose -531 = 5*f - i + 690, 2*i + 730 = -3*f. Let w = -163 - f. Suppose -2*j = m - 38, -4*j + m = -w + 5. Calculate the remainder when 56 is divided by j.
18
Let f(a) = 36*a + 7. Let h be f(9). Suppose -h = -5*q + 14. Calculate the remainder when q is divided by 18.
15
Suppose 2*p = 4, a - 2*p - 5 - 21 = 0. Suppose 5*g = 2*y - a, 5*g - 40 + 10 = -2*y. Suppose q - 21 = 8. Calculate the remainder when q is divided by y.
14
Let b = 37 - -64. Let v = -67 + b. Suppose 3 = 3*g, -3*g - 95 = -5*j - 8*g. Calculate the remainder when v is divided by j.
16
Let x(c) = c**3 + 5*c**2 - 7*c + 3. Suppose -4*z = t - 21 + 8, -25 = -4*z + 3*t. Calculate the remainder when x(-6) is divided by z.
1
Let y be 3 - (7 + (-2 - -1)). Calculate the remainder when 22 is divided by 3 + (9 - (y - -2)).
9
Let p(d) = -d + 8. Let w be p(6). Calculate the remainder when 8 is divided by w*(11/2 + -3).
3
Let o be 1/(-6) - (-455)/30. Let h be (o + 2)*(3 - 2). Let s = h + -9. Calculate the remainder when 22 is divided by s.
6
Suppose 4*w = -20 + 72. Let k(n) = 5*n - 2. Let q be k(8). Let a = 0 + q. What is the remainder when a is divided by w?
12
Suppose 7 = -10*t + 337. Calculate the remainder when t is divided by 13.
7
What is the remainder when 56 is divided by (-1 - 0)*(-29 + 10)?
18
Suppose z - 13 = -k, 3*z + 21 = 5*k - 3*k. Suppose -4*m + 120 = -88. What is the remainder when 7 is divided by m/k + 2/(-6)?
3
Let b = -3 + 20. Suppose -30 = -4*y - y. What is the remainder when b is divided by y?
5
Suppose -8 = -5*q + 2, j - 4*q = 12. Suppose 2*s + 0*s = -5*a + 51, -s = -3*a - j. What is the remainder when s is divided by 12?
11
Let c = -17 - -26. Calculate the remainder when (-29 + -4)*(-2 - (-3)/3) is divided by c.
6
Let h(u) = -u**3 + 5*u**2 + u - 5. Let f be h(4). Suppose 2*b - 3*m - f = -2*b, -2*m - 2 = 0. Calculate the remainder when 18 is divided by b/6*-2*-5.
3
Suppose 2*n = t - 7 - 7, 3*t = -2*n + 50. Calculate the remainder when (-2)/9 - (-1102)/18 is divided by t.
13
Calculate the remainder when (-3)/(63/(-6)) - (-348)/7 is divided by 17.
16
What is the remainder when 113 is divided by 3/9*0 - -29?
26
Suppose -9*j + 49 = -149. What is the remainder when j is divided by 15?
7
What is the remainder when (-11)/((-129)/(-33) - 4) is divided by 31?
28
Let i = -4 - -10. Calculate the remainder when 16 is divided by i.
4
Calculate the remainder when (17/(-51))/(2/(-72)) is divided by 7.
5
Suppose 2*t - 24 = 3*g - 3, 0 = 3*t - 2*g - 34. Calculate the remainder when 46 is divided by t.
10
Let u(s) = -2*s - 9. Let w be u(-6). Suppose 0 = 2*g - 4*v - 26, g - 4*v = -0*g + w. What is the remainder when 45 is divided by g?
22
Suppose 0 = 6*i - 7*i + 92. Calculate the remainder when i is divided by 24.
20
Let i(t) = -t**3 + 14*t**2 + 14*t + 21. What is the remainder when 53 is divided by i(15)?
5
Let t = -5 + 10. Suppose t*j - 13 = -4*n, -10 = -4*n - 3*j + j. Calculate the remainder when 14 is divided by (-2)/(-4) + 15/n.
6
Suppose -6*i - 87 = -147. What is the remainder when (1 - 3)/((-1)/19) is divided by i?
8
Suppose -4*u + 360 = -0*u. Suppose 0 = 5*d - 215 - u. Calculate the remainder when d is divided by 21.
19
Let r(q) = -q + 2. Let v be r(-2). Suppose v*l + 2*f = 38, 0*f = -3*l - 3*f + 36. Let s = l - -18. What is the remainder when s is divided by 9?
7
Let p(v) = v**3 + 4*v**2 - 6. Suppose 0*u + 4*w = -u - 1, 4*u - 4*w = 16. What is the remainder when p(-3) is divided by u?
0
Suppose 5*m = 2*x - 177 + 731, 4*x - 322 = -3*m. Calculate the remainder when m is divided by 16.
14
Let u = 1 - 3. Let f(o) =